2 + 93*c - 14. What is h(1)?
-4
Let b(i) = 392*i + 34939. What is b(-87)?
835
Let p(h) = -2486*h + 1508987. Give p(607).
-15
Let t(g) = g**3 + 2*g**2 - 97195*g - 291567. Give t(-3).
9
Let h(z) = z**3 - 42*z**2 + 334*z - 5487. Determine h(37).
26
Let l(i) = 4688*i + 37333. What is l(-8)?
-171
Let m(x) = -x**3 + 12*x**2 + 169*x - 2103. What is m(15)?
-243
Let h(l) = -l**3 + 177*l**2 + 191*l - 2296. Give h(178).
18
Let k(a) = -23*a**3 + 3*a**2 - 8*a - 14. Give k(-3).
658
Let m(n) = -11*n**2 + 7267*n - 26301. What is m(657)?
-21
Let x(r) = r**3 - 140*r**2 + 132*r - 38428. Determine x(141).
65
Let v(d) = d**3 + 9*d**2 - 395*d + 416. Calculate v(-24).
1256
Let b(t) = t**3 - 47*t**2 + 551*t - 53. Give b(23).
-76
Let n(l) = l**2 - 123*l - 8235. Calculate n(-47).
-245
Let d(x) = -32*x - 842. Give d(46).
-2314
Let r(u) = -u**3 - 161*u**2 - 767*u - 46292. Calculate r(-158).
2
Let u(t) = 101*t**2 + 1791*t - 369. Determine u(-18).
117
Let w(m) = -3*m**3 + 19*m**2 - 39*m + 23. Give w(9).
-976
Let h(u) = u**2 + 13*u - 1771. Calculate h(32).
-331
Let m(t) = -10*t**2 + 208*t - 1556. Give m(24).
-2324
Let l(a) = a**3 + 76*a**2 + 485*a + 389. Determine l(-6).
-1
Let c(w) = -23*w**2 + 1389*w + 13816. What is c(-10)?
-2374
Let h(v) = -3*v**3 - 21*v**2 + 28*v + 419. Calculate h(-6).
143
Let c(g) = -1659*g + 912688. Give c(550).
238
Let p(a) = a**2 + 297*a + 2734. Calculate p(-10).
-136
Let j(p) = -145*p - 8335. What is j(-58)?
75
Let i(l) = -4*l**3 + 27*l**2 + 24*l - 166. Calculate i(8).
-294
Let z(g) = g**3 - 22*g**2 + 70*g - 2146. Give z(23).
-7
Let i(y) = -6*y**2 - 1335*y - 17955. Determine i(-209).
-1026
Let c(p) = p**3 - 88*p**2 - 3195*p - 2417. Calculate c(-27).
13
Let i(x) = -18*x**2 - 24827*x - 173831. Calculate i(-7).
-924
Let r(a) = 2*a**3 + 20*a**2 - 408*a + 65. What is r(10)?
-15
Let w(h) = 3493*h - 5005471. Calculate w(1433).
-2
Let x(m) = 3*m**2 - 313*m + 120. Give x(104).
16
Let u(n) = -7*n**2 + 281*n + 178. What is u(43)?
-682
Let n(d) = -2*d**3 - 115*d**2 + 817*d + 30693. Determine n(-60).
-327
Let z(v) = -v**3 - 377*v**2 - 6807*v - 1829. Determine z(-358).
-39
Let l(j) = -5*j**3 + 13*j**2 + 85*j - 419. Determine l(5).
-294
Let m(o) = o**3 + 142*o**2 + 139*o - 38. What is m(-141)?
244
Let h(d) = 123195*d + 985526. Calculate h(-8).
-34
Let g(c) = 4*c**3 + 13*c**2 + 749*c + 7438. Calculate g(-10).
-2752
Let u(a) = -12*a**2 + 869*a + 4347. Give u(-5).
-298
Let m(z) = -z**2 + 324707*z + 5845019. Determine m(-18).
-31
Let z(j) = -j**2 - 81*j + 2071. Determine z(-95).
741
Let g(z) = -7165*z - 322587. Give g(-45).
-162
Let x(i) = -31*i**2 - 12140*i - 7432. Calculate x(-391).
-3
Let k(v) = 13234*v + 264673. Calculate k(-20).
-7
Let l(m) = -347*m - 13541. What is l(-45)?
2074
Let y(v) = -3612734*v - 18063675. Determine y(-5).
-5
Let c(y) = 2606*y + 12400. Determine c(-6).
-3236
Let q(n) = -323*n + 9742. Give q(29).
375
Let w(g) = -3722*g**2 + 26051*g - 23. Determine w(7).
-44
Let h(l) = -l**3 - 233*l**2 + 905*l + 46480. Give h(-236).
-12
Let x(z) = 2792231*z - 39091246. Calculate x(14).
-12
Let u(l) = -2*l**2 + 12027*l + 84178. What is u(-7)?
-109
Let r(f) = 3*f**2 - 1000*f + 76914. Calculate r(121).
-163
Let c(b) = -b**2 + 8093*b - 466028. Calculate c(58).
2
Let b(r) = r**2 - 2160*r + 314294. What is b(157)?
-177
Let x(z) = 16*z**3 + 2*z**2 - 2622*z + 5242. What is x(2)?
134
Let n(m) = -2*m**2 + 302061*m + 1208265. Give n(-4).
-11
Let a(h) = h**2 + 121*h - 3000. Calculate a(23).
312
Let x(j) = 19*j**2 - 3778*j + 226. What is x(199)?
823
Let k(x) = 16*x**3 + 1104*x**2 - 20*x - 112. Determine k(-69).
1268
Let l(d) = 16*d**3 + 785*d**2 + 33*d - 920. Determine l(-49).
-136
Let s(h) = -7*h**3 + 54*h**2 - 683*h + 4752. Calculate s(7).
216
Let f(d) = 255*d + 421. Calculate f(4).
1441
Let x(y) = -y**3 - 144*y**2 - 51*y - 6881. Determine x(-144).
463
Let v(i) = -i**2 - 172555*i + 1380519. Give v(8).
15
Let o(c) = -2*c**2 - 10925*c - 1351. Determine o(0).
-1351
Let z(u) = u**3 + 20*u**2 - 7*u + 473. Give z(-19).
967
Let k(v) = -64986*v - 180. Determine k(0).
-180
Let q(y) = -y**3 - 74*y**2 + 327*y + 13303. Determine q(-76).
3
Let a(y) = -y**3 - 6*y**2 + 88*y + 358. Determine a(-11).
-5
Let i(u) = -4593*u - 12380. What is i(-3)?
1399
Let t(o) = 205559*o + 2261155. Calculate t(-11).
6
Let n(b) = -b**3 - 46*b**2 - 34*b + 510. Give n(-44).
-1866
Let m(v) = 2239288*v - 3. Give m(0).
-3
Let i(a) = -60*a**2 + 20935*a - 104644. Calculate i(5).
-1469
Let o(t) = -2*t**3 + 77*t**2 - 691*t + 4. Give o(13).
-360
Let y(t) = -t**3 - 53*t**2 - 684*t - 919. What is y(-18)?
53
Let u(f) = 113379*f + 793662. Determine u(-7).
9
Let a(r) = 257*r + 16263. What is a(-63)?
72
Let f(z) = -9*z**2 - 1460*z - 260. Calculate f(-162).
64
Let u(j) = -j**3 + 47*j**2 + 248*j + 1519. What is u(52)?
895
Let d(u) = 103*u**3 - 6179*u**2 + 20*u - 4785. Determine d(60).
15
Let k(b) = -9576761*b - 57460575. Calculate k(-6).
-9
Let a(k) = -755*k - 12109. What is a(-18)?
1481
Let k(o) = -57*o**2 - 2724*o - 2367. Calculate k(-47).
-252
Let n(y) = -2082*y**2 - 35390*y - 38. What is n(-17)?
-106
Let y(d) = -24*d**2 + 30*d + 234. Determine y(7).
-732
Let h(a) = a**2 - 550*a + 75388. What is h(261)?
-41
Let s(v) = 6079*v - 121605. Calculate s(20).
-25
Let a(l) = -8181*l - 507220. Determine a(-62).
2
Let l(d) = -7*d**3 + 1035*d**2 + 183*d - 5923. Calculate l(148).
-743
Let f(n) = n**3 - 5*n**2 - 4587*n - 17053. Calculate f(72).
11
Let s(h) = -19110*h + 8943458. Give s(468).
-22
Let z(w) = -w**3 + 12*w**2 - 16166*w + 210322. What is z(13)?
-5
Let c(g) = 3*g**2 - 2892*g + 53872. What is c(945)?
7
Let f(g) = -41094*g - 9040679. Give f(-220).
1
Let a(t) = 61*t**2 - 1642*t - 11506. Give a(-7).
2977
Let r(l) = 14219*l - 142199. What is r(10)?
-9
Let v(h) = -3850*h + 1208855. Determine v(314).
-45
Let l(a) = 12181*a - 365362. Determine l(30).
68
Let d(z) = -464*z - 230090. What is d(-496)?
54
Let n(l) = l**3 - l**2 - 277*l + 1285. Determine n(5).
0
Let g(j) = j**3 + 698*j**2 + 4162*j + 59. Give g(-6).
-1
Let v(y) = y**3 + 14*y**2 - 336*y + 126. What is v(12)?
-162
Let w(d) = -3*d**3 - 575*d**2 - 4938*d - 31. Give w(-9).
23
Let g(d) = 224*d**2 + 75731*d + 6435. What is g(-338)?
13
Let o(l) = l**3 - 73*l**2 + 3*l + 240. Calculate o(73).
459
Let o(z) = 47*z - 391. Determine o(-10).
-861
Let u(z) = 3*z**3 + 74*z**2 - 26*z - 180. Give u(-25).
-155
Let u(i) = 28*i**3 - 21*i**2 - 15*i + 21. Calculate u(2).
131
Let m(p) = 2*p**2 + 55214*p + 386413. Determine m(-7).
13
Let w(x) = -63080*x - 125285. Calculate w(-2).
875
Let c(z) = -19434*z - 446963. What is c(-23)?
19
Let w(n) = -n**3 + 172*n**2 - 1736*n - 5625. Give w(161).
10
Let c(t) = -4*t**2 - 1740*t - 47104. Calculate c(-406).
-8
Let r(v) = 42*v + 139. What is r(30)?
1399
Let x(o) = 5*o**2 - 5377*o + 53791. What is x(10)?
521
Let w(g) = 7*g**2 + 31*g - 3508. Determine w(0).
-3508
Let p(y) = -2*y**2 - 63*y + 269. Give p(-18).
755
Let k(y) = 324115*y - 9075226. What is k(28)?
-6
Let n(g) = g**2 + 35*g - 2304. What is n(48)?
1680
Let d(j) = -21*j**2 + 2142*j + 72. Calculate d(102).
72
Let h(d) = -2*d**2 - 2252*d + 80567. Calculate h(35).
-703
Let d(s) = -6093*s + 103366. Determine d(17).
-215
Let g(s) = -s**3 - 66*s**2 - 122*s - 126. Determine g(-64).
-510
Let g(i) = 71*i**3 + 54*i - 114. Determine g(2).
562
Let d(n) = n**3 - 7*n**2 - 81*n + 337. Give d(11).
-70
Let x(f) = 2*f**2 - 235*f + 6658. Determine x(70).
8
Let f(h) = h**3 - 59*h**2 + 835*h - 2980. Determine f(40).
20
Let z(h) = -2*h**3 + 458*h**2 + 4696*h - 833. What is z(-10)?
7
Let w(u) = 1287*u + 5481. Give w(-5).
-954
Let b(q) = 20954*q + 251441. Determine b(-12).
-7
Let x(q) = q**3 - 528*q**2 + 5547*q + 72408. What is x(517)?
28
Let u(a) = -84*a**2 + 1499*a - 6479. Calculate u(7).
-102
Let b(g) = 6*g**3 - 45*g**2 - 18*g - 10. Determine b(8).
38
Let u(z) = -z**2 + 27*z + 198. Determine u(29).
140
Let l(k) = -4813*k + 19320. What is l(4)?
68
Let t(g) = -g**3 + 84*g**2 - 550*g - 673. What is t(77)?
-1520
Let m(l) = -4040*l + 12163. Give m(3).
43
Let d(n) = -n**3 + 195*n**2 + 386*n - 37205. What is d(196)?
35
Let c(a) = 19427*a + 12588703. What is c(-648)?
7
Let w(f) = -115340*f + 576804. What is w(5)?
104
Let v(r) = 867*r + 218. Give v(-3).
-2383
Let m(x) = -x**2 + 405*x - 10223. Calculate m(27).
-17
Let v(c) = c